alculate the greatest common factor of n and 8.
2
Suppose 529 = 10*i + 99. What is the highest common divisor of i and 731?
43
Let p be 508/16 - (44/16 - 3). Suppose 0 = -p*r + 29*r + 297. Calculate the greatest common divisor of r and 11.
11
Let g = -193 + 714. Suppose 5*n + 5*w - 2637 = 3*w, -2*w = n - g. Let y = -277 + n. Calculate the greatest common factor of 28 and y.
28
Suppose 0*s + 14 = 2*s. Suppose -t - 3*j - 20 = -2*t, 3*t - 5*j = 40. Let n be t + -2 + 7 + -3. Calculate the greatest common divisor of s and n.
7
Let y = -4 + 31. Let q = -14 - -16. Suppose -y = -g - q. What is the highest common factor of 5 and g?
5
Let k = -207 - -243. What is the greatest common divisor of k and 8?
4
Suppose 5*i - 11 = 89. Suppose 0 = -q, -q - 3*q = -3*x + 156. Suppose h + 2 = x. What is the greatest common divisor of i and h?
10
Suppose 0*s = 13*s - 702. Calculate the highest common divisor of s and 12.
6
Let q(o) = o**2 + 14. Let p be q(0). Suppose 0 = g + p - 20. Let t be -1 + 0 + 4 + 21. What is the greatest common factor of g and t?
6
Let o be (-4)/(-6)*(-33 - -3)/(-2). Let t(l) = -l**3 + 9*l**2 + 11*l - 5. Let u be t(o). What is the highest common factor of 55 and u?
5
Let v(g) be the second derivative of g**5/20 + 7*g**4/6 + 7*g**3/3 + 12*g**2 + 25*g. Let l be v(-13). What is the highest common divisor of l and 11?
11
Let w = 1420 + -1084. Calculate the highest common divisor of 4 and w.
4
Let p(f) = -2*f**2 - 5*f - 5. Let x be p(-2). Let h(z) = 2*z**2 - 6*z - 3. Let q be h(x). What is the greatest common divisor of q and 11?
11
Let a(q) = -q**2 + 40*q - 192. Let n be a(34). What is the greatest common factor of n and 1128?
12
Let u(y) = -9*y**3 - y**2 - 4*y. Let t be u(-2). Let x = t - 49. Suppose -17 = -4*s + x. What is the highest common divisor of 121 and s?
11
Let r(h) = h**3 - 5*h**2 + 12*h - 33. Let o be r(5). Calculate the greatest common factor of 9 and o.
9
Let l be 250/5 + 10*(-1)/2. Suppose -4*n + 2*n = 0. Let z be n - -16 - (4 + -3). What is the highest common factor of z and l?
15
Let i(n) = -2*n**3 - n**2 + 2*n + 2. Let m = 12 - 9. Let c be i(m). Let k be 4/22 + (-980)/c. Calculate the highest common divisor of 126 and k.
18
Suppose 2*g = 42 + 128. Let u = -68 + g. What is the highest common divisor of u and 85?
17
Suppose 3*o + 1 = -4*d, -5*d - 3*o - 3 = -2*d. What is the greatest common divisor of d and 9?
1
Let u(v) = -3*v - 54. Let a be u(-18). Suppose -o + 3*b + 23 = a, 0*o - 2*o = 5*b + 9. Calculate the highest common divisor of o and 2.
2
Let x be 3123/21 + 16/56. Suppose 4*k + 151 = 3*v - k, -4*k - x = -3*v. Calculate the greatest common divisor of v and 47.
47
Suppose 162 = 4*m - x, m = x + 4*x + 31. Suppose -2978 = -48*k - 1010. What is the greatest common divisor of m and k?
41
Suppose 0 = 3*k + 4*c - 7, 2*c = -2*k - 4 + 12. Let a be 6 - k/(3 - 0). Suppose a*l = -l + 8. Calculate the highest common divisor of l and 2.
2
Suppose 61 = -4*p + 5*z, 2*p + p + 2*z + 63 = 0. Let m = -11 + 4. Let u = m - p. Calculate the greatest common factor of 48 and u.
12
Suppose -5*q + 24 = 4. Suppose o - 2*o = -r + 2, -o = q*r - 18. Suppose -o*n - 2*n + 192 = 0. Calculate the greatest common divisor of n and 12.
12
Let a be (2/(-1))/(-2)*45. What is the highest common divisor of 18 and a?
9
Let n be (-7)/((-35)/25) + 4707/9. Calculate the highest common factor of 231 and n.
33
Let m(b) = -24*b**2 - b + 1. Let v be m(-3). Let z be (-2)/6 - v/6. Let n = z + -8. Calculate the greatest common divisor of 18 and n.
9
Suppose -8*x = -3*x - 60. Let t(f) = f - 12. Let w be t(x). Suppose w*j = -5*j + 70. Calculate the highest common factor of j and 2.
2
Let l(h) = -67*h + 18. Let d be l(-4). Calculate the highest common factor of d and 26.
26
Let n(v) = -8*v + 4. Let s be n(-3). Let b = -208 + 222. What is the greatest common factor of s and b?
14
Let n be (170/(-6))/(5*5/(-75)). Suppose -5*l + 8 = -17. Calculate the greatest common factor of l and n.
5
Let j(i) = -2*i**3 + 10*i**2 + 32*i + 205. Let k be j(-7). Calculate the highest common divisor of 89 and k.
89
Let x(v) = v**2 + 16*v - 14. Let t be x(-17). Calculate the highest common divisor of t and 357.
3
Suppose j + 1004 = 3*j. Let g = j - 315. What is the greatest common factor of 17 and g?
17
Let a = -1590 - -1614. Let b(u) = u**3 + 7*u**2 + 4*u - 4. Let g be 1/(2/(-24)*2). Let o be b(g). What is the highest common divisor of o and a?
8
Suppose 2*d - 162 = -4*a - 34, d = 0. Let b be (-4)/(-3) - (-4)/6. Let z be (-6)/b - (-12 + 1). Calculate the highest common divisor of z and a.
8
Suppose 0 = 2*d - 4462 + 4066. What is the greatest common factor of d and 66?
66
Let u = 3 + -6. Suppose 4*v = -3*t + 7, 0 = -8*t + 9*t - 4*v + 3. Let b be u/(3 - 3 - t). What is the highest common divisor of b and 9?
3
Let v(a) = a + 155*a - 2*a. Let p(n) = 31*n. Let y(c) = -14*p(c) + 3*v(c). Let b be y(1). What is the greatest common divisor of 7 and b?
7
Suppose 3*x = 7*x - 580. Suppose 4*i - 4*g - 108 = 0, -x = -3*i - 2*i - 5*g. What is the highest common factor of i and 4?
4
Let u be (-3)/(12/8 - 3). Suppose 3*p - 8 = u*p. Let r(h) = h**3 - 8*h**2 + 7*h + 7. Let n be r(p). Calculate the greatest common factor of 9 and n.
9
Let i = -662 - -688. Calculate the greatest common factor of 2626 and i.
26
Let u be (1 + -1)/(0 - -2). Suppose u = -0*g - g + 2. Let m = -1564 - -1568. Calculate the highest common factor of m and g.
2
Suppose -89 = -5*p - 2*o, o = -16*p + 21*p - 98. Calculate the highest common factor of p and 817.
19
Suppose 127 = v - 5*m, 601 = 5*v - 4*m + 29. Let f(q) = -q**2 - 10*q + 103. Let s be f(-15). What is the highest common factor of s and v?
28
Suppose 0*d = 4*d - 48. Let o be (-4)/d*-1*-9. Let y be 1*(29 - (-2 - o)). Calculate the greatest common divisor of 7 and y.
7
Suppose 4*x = 5*h - 322, 0 = 2*h - 0*x - x - 130. Calculate the highest common divisor of 88 and h.
22
Let r(p) = p - 14. Let o be r(6). Let d be o/36 - (-492)/27. What is the greatest common divisor of 45 and d?
9
Suppose -j + 22 = j. Suppose -2*i + 39 = j. Let v = 31 + -17. Calculate the greatest common factor of v and i.
14
Suppose 3*w - 42 = w. Let t(a) = 2*a**2 + 5*a - 38. Let j be t(4). What is the highest common factor of w and j?
7
Suppose -16*s + 165 = -379. Calculate the greatest common factor of s and 2.
2
Let u = -273 - -183. Let h = -86 - u. Calculate the greatest common divisor of h and 28.
4
Suppose -4*a = w - 0*a + 6, -w + 21 = -5*a. Suppose -d - w*d = -693. Calculate the greatest common factor of 11 and d.
11
Suppose -37*u - 134 = -2*m - 35*u, m + 4*u = 67. Calculate the highest common divisor of m and 737.
67
Let o = -31 - -40. Suppose w - o = -6. What is the greatest common factor of w and 24?
3
Let a be 3/9 - (-323)/57. Calculate the highest common factor of a and 606.
6
Let l = 36 + -26. Suppose -50 = 3*q - 8*q - 3*s, 2*s + l = 0. Calculate the greatest common divisor of q and 117.
13
Let d = -600 + 1208. Calculate the highest common divisor of d and 38.
38
Let g(q) = -q**2 + 14*q + 12. Let v be g(12). Let x = -6 - -13. Suppose 5 = r + c - x, -v = -2*r - 5*c. Calculate the greatest common divisor of r and 32.
8
Let b(u) = u**2 + 2*u - 11. Let o be b(3). Let l(a) = 0*a - a + 8*a + 3 - a. Let z be l(o). What is the greatest common factor of 297 and z?
27
Suppose -k + 30 = -27. Calculate the greatest common divisor of k and 38.
19
Let n = 109 - -134. Calculate the greatest common factor of 567 and n.
81
Suppose 5*s - s = -2*v + 292, 0 = 5*s - 10. Suppose x - v = -4*t - t, 2*x - t - 328 = 0. Suppose -3 + 21 = b. Calculate the greatest common divisor of b and x.
18
Let t be (33/(495/240))/(2/16). What is the highest common factor of t and 8?
8
Let f(g) = -75*g - 200. Let w be f(-5). What is the highest common divisor of w and 14?
7
Let p(a) = a**2 + 49. Let z be p(-11). Calculate the highest common factor of 20 and z.
10
Let p be 0*(-7 - -3 - -3). Suppose p = -0*i - 3*i + 4*y + 80, 3*i + 3*y - 66 = 0. Calculate the greatest common factor of i and 96.
24
Let i be (-946220)/(-2040) - (0 - (-2)/(-12)). What is the highest common divisor of i and 87?
29
Let f(n) = -52*n + 17. Let i be f(-2). Calculate the greatest common divisor of 11 and i.
11
Let x = -57 + 43. Let y be (-160)/(-28) - ((-16)/x)/(-4). Calcu